{"id":97,"date":"2019-11-13T02:35:54","date_gmt":"2019-11-13T02:35:54","guid":{"rendered":"https:\/\/bergbauer-steuerkanzlei.de\/home\/?page_id=97"},"modified":"2019-11-13T18:29:32","modified_gmt":"2019-11-13T18:29:32","slug":"disclaimer","status":"publish","type":"page","link":"https:\/\/bergbauer-steuerkanzlei.de\/home\/disclaimer\/","title":{"rendered":"Disclaimer"},"content":{"rendered":"<section id=\"\"  class=\"light\"> <div class=\"container\">  <div class=\"row\"><div class=\"col-md-2  text-default\" ><\/div><div class=\"col-md-8  text-default\" >[vc_column_text]<\/p>\r\n<p>Diese Internetseite und die darin enthaltenen Informationen stellen ein unverbindliches Informationsangebot dar und dienen allgemeinen Informationszwecken. Es handelt sich dabei weder um eine rechtliche, steuerrechtliche oder betriebswirtschaftliche Beratung, noch kann hiermit eine individuelle Beratung ersetzt werden.<\/p>\r\n<p>\u00a0<\/p>\r\n<p>Die Steuerkanzlei Bergbauer ist bei der Erstellung der Internetseiten und der darin enthaltenen Informationen stets um gr\u00f6\u00dftm\u00f6gliche Sorgfalt bem\u00fcht, jedoch haftet die Steuerkanzlei Bergbauer nicht f\u00fcr die Richtigkeit, Aktualit\u00e4t und Vollst\u00e4ndigkeit der Informationen.<\/p>\r\n<p>\u00a0<\/p>\r\n<p>Die Steuerkanzlei Bergbauer \u00fcbernimmt keine Verantwortung f\u00fcr Entscheidungen, die ein Nutzer aufgrund dieser Internetseiten und der darin enthaltenen Informationen trifft. Die enthaltenen Informationen sind nicht auf einen speziellen Sachverhalt einer Einzelperson oder einer juristischen Person bezogen, daher sollte im konkreten Einzelfall stets fachlicher Rat eingeholt werden. Unsere Ansprechpartner stehen hier gerne zur Verf\u00fcgung.<\/p>\r\n<p>\u00a0<\/p>\r\n<p>Auf diesen Internetseiten finden sich Verweise (Hyperlinks) auf andere (externe) Websites. Die Steuerkanzlei Bergbauer hat zum Zeitpunkt der Verlinkung den Inhalt der verlinkten Internetseiten gepr\u00fcft. Dennoch kann die Steuerkanzlei Bergbauer f\u00fcr den Inhalt von Websites, auf die von diesen Internetseiten verwiesen wird, keinerlei Verantwortung \u00fcbernehmen, da diese von Dritten erstellt wurden. F\u00fcr den Inhalt sowie f\u00fcr Sch\u00e4den, die durch die Nutzung oder Nichtnutzung der auf den verlinkten Seiten enthaltenen Informationen entstehen, haftet allein deren Anbieter.<\/p>\r\n<p>\u00a0<\/p>\r\n<p>[\/vc_column_text]<\/div><div class=\"col-md-2  text-default\" ><\/div>  <\/div>  <\/div><\/section><section id=\"\"  class=\"light\"> <div class=\"container\">  <div class=\"row\"><div class=\"col-md-12  text-default\" >[vc_column_text]<\/p>\r\n<p>[\/vc_column_text]<\/div>  <\/div>  <\/div><\/section>","protected":false},"excerpt":{"rendered":"[vc_column_text] Diese Internetseite und die darin enthaltenen Informationen stellen ein unverbindliches Informationsangebot dar und dienen allgemeinen Informationszwecken. Es handelt sich dabei weder um eine rechtliche, steuerrechtliche oder betriebswirtschaftliche Beratung, noch kann hiermit eine individuelle Beratung ersetzt werden. \u00a0 Die Steuerkanzlei Bergbauer ist bei der Erstellung der Internetseiten und der darin enthaltenen Informationen stets um gr\u00f6\u00dftm\u00f6gliche [...]","protected":false},"author":1,"featured_media":0,"parent":0,"menu_order":1100,"comment_status":"closed","ping_status":"closed","template":"","meta":{"footnotes":""},"class_list":["post-97","page","type-page","status-publish","hentry"],"jetpack_sharing_enabled":true,"_links":{"self":[{"href":"https:\/\/bergbauer-steuerkanzlei.de\/home\/wp-json\/wp\/v2\/pages\/97","targetHints":{"allow":["GET"]}}],"collection":[{"href":"https:\/\/bergbauer-steuerkanzlei.de\/home\/wp-json\/wp\/v2\/pages"}],"about":[{"href":"https:\/\/bergbauer-steuerkanzlei.de\/home\/wp-json\/wp\/v2\/types\/page"}],"author":[{"embeddable":true,"href":"https:\/\/bergbauer-steuerkanzlei.de\/home\/wp-json\/wp\/v2\/users\/1"}],"replies":[{"embeddable":true,"href":"https:\/\/bergbauer-steuerkanzlei.de\/home\/wp-json\/wp\/v2\/comments?post=97"}],"version-history":[{"count":13,"href":"https:\/\/bergbauer-steuerkanzlei.de\/home\/wp-json\/wp\/v2\/pages\/97\/revisions"}],"predecessor-version":[{"id":116,"href":"https:\/\/bergbauer-steuerkanzlei.de\/home\/wp-json\/wp\/v2\/pages\/97\/revisions\/116"}],"wp:attachment":[{"href":"https:\/\/bergbauer-steuerkanzlei.de\/home\/wp-json\/wp\/v2\/media?parent=97"}],"curies":[{"name":"wp","href":"https:\/\/api.w.org\/{rel}","templated":true}]}}